d 7.
7
Suppose -3*n + 3*b = -240, n - 5*n + 2*b = -320. Suppose 192 = -17*j + 23*j. What is the highest common divisor of j and n?
16
Let u = -203 - -379. Suppose 3*v - 14 + 5 = 0. Suppose 4*k + p - 80 = -3*p, -v*k + p + 44 = 0. What is the highest common factor of k and u?
16
Let l = 2447 + -2442. Suppose 9 + 0 = -3*x, -2*s + 46 = -2*x. Calculate the greatest common divisor of l and s.
5
Suppose 11 + 23 = 2*u. Let q = 226 + -90. Calculate the greatest common factor of u and q.
17
Let h = -5 - -126. Suppose -4*y = -y, -2*u - 5*y + 22 = 0. Calculate the greatest common factor of h and u.
11
Suppose -22 = -2*a - 5*t, -1 = 2*a - 3*t - 39. Calculate the highest common divisor of 16 and a.
16
Suppose -6*f - 14 = f. Let l(h) = -h**3 - h - 2. Let t be l(f). Calculate the greatest common divisor of t and 12.
4
Let o(p) = 6*p + 82. Let i be o(-8). Let s = 2 - 4. Let f be -2 - (s + 21)/(-1). What is the highest common divisor of i and f?
17
Let w be 2/6 + 384/9. Suppose a = 3*t + 35, 0 = 3*a - 6*a + 4*t + 85. Let f = w - a. What is the highest common divisor of 30 and f?
10
Suppose -t + 4*t = 30. Suppose -2*a = 3*a + 5*y - 10, y + t = 2*a. Let w = 8 + a. Calculate the greatest common divisor of 96 and w.
12
Let f(a) = 5 + 4 - 3*a + 37. Let q be f(10). Calculate the greatest common factor of 112 and q.
16
Let l be (-8)/2 - (-31 - 3). Let s be 2 - (-4 - -44)/(-4). What is the highest common factor of s and l?
6
Suppose v = -9*t + 6*t + 237, 3*v - 231 = -3*t. What is the highest common divisor of t and 20?
20
Let x(u) = 223*u - 225. Let w be x(3). Calculate the highest common divisor of 48 and w.
12
Let w(n) = 2*n**3 - 4*n**2 + 2*n - 4. Let k be w(3). Let c be 156/k + 3/15. What is the greatest common factor of 80 and c?
8
Let i(a) = 456*a - 96. Let q be i(1). What is the highest common divisor of 45 and q?
45
Suppose 5*s = 5*t + 15, -t = -0*t + 5*s - 27. Let w(x) = 3*x**3 - 4*x**2 + 3*x - 2. Let d be w(t). What is the highest common divisor of d and 12?
12
Let z(v) be the first derivative of 3*v**2 + 27*v + 21. Let h be z(-3). What is the greatest common divisor of 18 and h?
9
Let d be 44/(-198) - 11/(-9). Let x be (0/(-5))/d + 12. Calculate the highest common divisor of x and 6.
6
Suppose 12*k = 31*k - 1102. Calculate the greatest common divisor of k and 928.
58
Let i be 3 + -1 + 6/2. Let w be -7 + 4 - -5*i. Calculate the highest common factor of 198 and w.
22
Suppose 0 = p - 7*p + 3336. Suppose p + 159 = 5*x. Calculate the highest common factor of x and 13.
13
Suppose 0 = 4*h + h - 30. Let z be -20*(-3)/h*1. Let l = 240 + -130. Calculate the highest common divisor of z and l.
10
Let g(x) = -x**3 - 2*x + 3*x + 0*x + 2 + 7*x**2 + x. Let v be g(6). Calculate the greatest common divisor of 20 and v.
10
Suppose 5*r + 120 = 10*r - 5*s, -66 = -3*r + s. What is the greatest common factor of r and 49?
7
Suppose -19*o + 25*o = 18. Let k = 10 + 23. Calculate the greatest common factor of k and o.
3
Let r = 43 + -24. What is the highest common factor of r and 171?
19
Let b = -19 + 45. Let g be b - (6 - (4 + 0)). What is the highest common factor of g and 48?
24
Let k(d) = 5*d - 35. Let i be k(11). Calculate the highest common divisor of 150 and i.
10
Suppose -5*c + 27 = q, 3*q - 6*q - 3 = c. Calculate the greatest common divisor of 6 and c.
6
Let b = 224 + -114. Let p(v) = -7*v - 278. Let l be p(-46). Calculate the greatest common divisor of l and b.
22
Let o = 14 + 51. Suppose 4*t + 5*j + 23 = -1, -5*j - 20 = 0. Let x be (t/(-1))/(22/572). What is the greatest common divisor of o and x?
13
Let s be (-4)/(12/90*-5). Calculate the highest common divisor of s and 42.
6
Suppose -1004 = -4*n - 4*j + 480, -2*n + 737 = j. Suppose -4*d - 3*s = -9*d + n, -s - 146 = -2*d. Calculate the greatest common divisor of 48 and d.
24
Suppose 195 = 2*c + 5*t, 3*c + 5*t - 304 - 1 = 0. Calculate the highest common factor of 176 and c.
22
Let y be 158 + -1 - (-8)/(-4). Suppose r + 0*j = 4*j - 20, 0 = -2*r - 3*j + 4. Let c be (r/6)/((-14)/651). What is the greatest common factor of c and y?
31
Suppose -3*o = -5*l + 17, 145*o - 149*o = 16. Suppose -2*j = -0*j + 4. Let r be ((-14)/(-6) + j)*6. Calculate the highest common factor of r and l.
1
Let m(y) = -5*y**3 + 7*y + 10. Let w be m(-2). What is the greatest common factor of 9 and w?
9
Suppose 34*v = 30*v + 256. Suppose 72 = 7*w + 16. Calculate the greatest common factor of w and v.
8
Suppose -5*s - 5*k = -3*k - 3514, 4*s = 5*k + 2798. Calculate the highest common factor of s and 156.
78
Suppose 3*q = -x + 4*x - 705, -q = -2*x + 466. Suppose -27 = 4*l - 111. What is the greatest common factor of x and l?
21
Let s(d) = -d**3 + 29*d**2 - 28*d + 21. Let z be s(28). Calculate the highest common divisor of 1995 and z.
21
Suppose 0*y + y - g = -1, -5*y = -2*g - 7. Suppose -4*r - 5 - 7 = 5*u, 4*r - 20 = y*u. Let t be 7/r*48/56. What is the highest common divisor of 12 and t?
3
Suppose -5*l + 92 = 2*b, 5*l = 2*b - 6*b + 94. Let r be (l/(-45))/(2/(-60)). Let z be (r/9)/(3/9). Calculate the highest common factor of 20 and z.
4
Let o be -1*(1 - 4 - -2) - 101. Let n be ((-8)/(-5))/((-20)/o). Calculate the greatest common divisor of 24 and n.
8
Suppose -83 - 493 = -24*y. What is the highest common factor of 2472 and y?
24
Suppose 4*o + 3*q - 11 = 0, -4*o = -0*o - 4*q - 32. Let j be (2 + (-34)/6)*(-8 + o). What is the highest common factor of j and 33?
11
Let d be 6/15*50/4. Suppose -d*a + 1616 = -f, -a - 2*f + 30 = -302. Calculate the greatest common divisor of a and 36.
36
Let o(i) = i**2 + 13*i + 28. Let p(t) = -t**2 + 2. Let z be p(-4). Let x be o(z). Calculate the greatest common divisor of 14 and x.
14
Let j(s) = 2*s**2 + s - 74. Let p be j(-10). What is the greatest common factor of 29 and p?
29
Suppose 2*p + 36 = z + p, 4*z - p - 138 = 0. What is the highest common factor of 204 and z?
34
Suppose 2*n - 61 = -267. Let u = 104 + n. What is the highest common factor of 4 and u?
1
Suppose 3*d = 5*u - 72, -23 = -2*u - 2*d - 7. Let t be (-1)/5 - 44/5. Let n = t - -15. Calculate the highest common divisor of n and u.
6
Let c = -1289 + 1295. Let i(u) = -14*u - 2. Let g be i(-4). What is the highest common factor of c and g?
6
Let m(h) = -17*h. Let s be m(-8). Let y(k) = -k**2 - 47*k - 115. Let i be y(-44). What is the greatest common factor of i and s?
17
Let y(m) = m**2 - 9*m - 339. Let z be y(-18). Calculate the greatest common factor of 637 and z.
49
Suppose -q = -2*q + 78. Suppose -2*b + 206 = 5*n, -2*n + q = -0*b + 3*b. Let d be (0 + 4)/((-4)/(-6)). Calculate the highest common factor of d and n.
6
Suppose 16 = 2*x - 4. Let z be (55/x)/((-3)/(-30)). What is the greatest common divisor of 10 and z?
5
Suppose y - 84 = -3*y. Let k(l) = -2*l**3 - 14*l**2 - 7*l - 79. Let p be k(-8). Calculate the greatest common factor of p and y.
21
Let s(z) = -28*z**2 + 506*z - 10. Let u be s(18). Calculate the highest common factor of 46 and u.
2
Let n be 1/(-1)*0/5. Suppose -3*x + n*x = 0. Suppose x = -k + 1, d - 5*d + k = -27. Calculate the highest common factor of 35 and d.
7
Suppose -2*c = 8 - 56. Suppose 0 = 5*k - 0 - 10. Let p be (-299)/(-5) - k/(-10). Calculate the highest common factor of c and p.
12
Suppose -245 + 5 = -10*q. Calculate the highest common factor of q and 3.
3
Let r be (28/6)/((-6)/9). Let s(b) = b**3 + 8*b**2 + 5*b - 9. Let p be s(r). What is the greatest common factor of p and 40?
5
Suppose w - 416 = -3*c + 6*w, 8 = -2*w. What is the greatest common divisor of c and 12?
12
Let b = -17 + 34. Let l = -48 - -12. Let c = l + 87. What is the highest common factor of c and b?
17
Let n = 90 + 60. Calculate the highest common divisor of n and 45.
15
Let r be (-3 - (-4)/1)*2. Suppose 2*x - 12 = -11*w + 7*w, r*w - 6 = -2*x. What is the highest common factor of w and 1?
1
Suppose 1 = v - 3. Suppose -v*j + 52 = 4*x, 0 = 2*x - 6*x - 3*j + 48. Suppose -4*s - 1 + 5 = 4*g, 2 = -g. What is the greatest common divisor of x and s?
3
Suppose 14*l - 1744 = 5438. Calculate the greatest common factor of l and 19.
19
Suppose -864 = -0*a - 2*a. Suppose -2*k = -4*n - 72, 0 = -k - 79*n + 75*n + 72. Calculate the greatest common divisor of k and a.
48
Let s = -42 + 267. Suppose 10*o - 15*o - 605 = 0. Let n = o + s. Calculate the highest common factor of n and 13.
